- 3. Suppose -n*f + b = 111, 24 = -4*f + 2*b - 126. List the prime factors of ((-264)/f)/(2/6).
2, 11
Let o be (-3220)/90 - (-1)/9*-2. Let s = 38 - o. List the prime factors of s.
2, 37
Let j(m) = -m + 3. Suppose 0 = -5*s + 2*s. Let k be j(s). Suppose -b - 4*a + 9 = k, 5*b - 4*a - 150 = 0. List the prime factors of b.
2, 13
Suppose -27*r + 29633 = -3145. List the prime factors of r.
2, 607
Let g(m) = 23*m - 24. List the prime factors of g(7).
137
Let q be 1/3 + 4416/36. Let i = q + -65. What are the prime factors of i?
2, 29
Suppose 3*o - a - 1427 = 0, 3*o + a - 414 = 1009. What are the prime factors of o?
5, 19
What are the prime factors of 28/(-72)*-5182 + 4/(-18)?
5, 13, 31
Suppose -2*f - 6 = -4*f, -2*v + 2*f = -350. What are the prime factors of v?
2, 89
Suppose -h - 4*w = -0*w - 6, -3*h = -4*w - 50. Suppose h*c + 300 = 19*c. List the prime factors of c.
2, 3, 5
Let m be (-2)/(-5) + (-140)/(-25). Suppose -m*n = -27 + 3. What are the prime factors of n?
2
Suppose 28*v - 21289 = -5301. List the prime factors of v.
571
Let z be 5*4/40*4. Let t = -15 + 43. Suppose -z*k + 5*b = -k - t, -14 = 2*k + 4*b. What are the prime factors of k?
3
Suppose -18*g = -39 - 339. What are the prime factors of g?
3, 7
Suppose 3*c - 38 - 36 = 5*j, 0 = 3*c - 2*j - 62. Suppose -9*h + c = -8*h. Let k = h + 0. What are the prime factors of k?
2, 3
Let k(u) = 5*u**3 + 51*u**2 - 67*u - 19. Let v(r) = r**3 + 13*r**2 - 17*r - 5. Let i(p) = 2*k(p) - 9*v(p). Let w = 25 + -11. List the prime factors of i(w).
7, 11
List the prime factors of -5 - (-1 + -2 - 381 - 2).
3, 127
Suppose 4*m = 15*m - 1221. What are the prime factors of m?
3, 37
Let i(w) = 43*w**2 + 11*w - 36. List the prime factors of i(3).
2, 3
Suppose 2*n - 4*h + 12 = 0, -4*h = -7 - 5. Suppose 4*g + 83 - 731 = n. List the prime factors of g.
2, 3
Let a(h) = -2*h**3 - 18*h**2 + 12*h - 14. Let l(s) = -11*s**2 - s + 2. Let j be l(1). What are the prime factors of a(j)?
2, 3, 11
Let t be 358*((-2)/(-4))/1. Suppose 120 = -5*h + 5*x + 485, -t = -3*h - 5*x. Suppose -p = 25 - h. What are the prime factors of p?
43
Let i(y) = y**2 + 8*y + 5. Let q = 14 - 10. Suppose 15 - 59 = 4*j - q*r, -54 = 5*j - 4*r. List the prime factors of i(j).
5
Let a = -91 - -104. What are the prime factors of a?
13
What are the prime factors of (-3 + 438/9)/((-1)/(-3))?
137
Let t be (-14)/(-3) - (-14)/(-21). Suppose v = t*v - 21. Suppose -v - 5 = -d. List the prime factors of d.
2, 3
Let n(f) be the third derivative of f**5/20 + f**4/12 - f**3/6 - 2*f**2 + 10*f. Let u = 0 - 4. What are the prime factors of n(u)?
3, 13
Suppose -4*m + 5385 = -5015. What are the prime factors of m?
2, 5, 13
Let z(y) = -y**3 - 26*y**2 + 24*y + 17. Suppose -8*k + 6*k = 54. What are the prime factors of z(k)?
2, 7
Let a(r) be the first derivative of r**4/4 + 2*r**3 + 3*r**2/2 + 4*r + 25. Suppose -10 + 30 = -5*q. What are the prime factors of a(q)?
2, 3
Let v(y) = 24*y**3 + 3*y**2 + 6*y - 3. What are the prime factors of v(2)?
3, 71
Suppose -3116 = -3*q + s, -4*q = -5*s + 2*s - 4148. What are the prime factors of q?
2, 5, 13
Let x = 3 + -3. Suppose s - 2 = -x*s. What are the prime factors of (6/s)/(-3)*-19?
19
Let v = -26 - -29. Suppose 0 = -3*o - 9, -75 = -3*h + v*o + 102. List the prime factors of h.
2, 7
Let b = 181 + -21. List the prime factors of b/48*276/10.
2, 23
Let a = 27 - 23. Suppose -37 = -a*i + 207. What are the prime factors of i?
61
Suppose -3*l + 115 + 5 = 0. Suppose r + r = 50. Let h = l - r. What are the prime factors of h?
3, 5
Suppose 0 = 2*c - 2*j - 14, -2*c + 5*j + 20 = 6*j. Suppose -4*a + 14 = -2. Suppose -t = -a*t + c. List the prime factors of t.
3
Let j(k) = -9*k - 2. Let m = 16 - 16. Suppose 7*q + m*q = -28. List the prime factors of j(q).
2, 17
Let b = 9 - 10. Suppose 2*c + 8 = 0, 7*u - 3*u - c = -124. Let j = b - u. List the prime factors of j.
31
Let u = 881 + -699. What are the prime factors of u?
2, 7, 13
Let a(r) = -r**3 + 3*r**2 + 5*r + 1. Let t be a(4). Let x(i) = 32*i - 74. Let m be x(4). Suppose t*y - y - 2*l = m, 56 = 4*y - 4*l. List the prime factors of y.
13
Suppose -1250*w - 66 = -1272*w. Let h = 258 + -115. Suppose -5*b = 4*c - 253, -3*b + w*c - c = -h. List the prime factors of b.
7
Suppose -4*d + 128 = -3*o - o, 2*d - 4*o - 66 = 0. Let u = 49 - d. List the prime factors of u.
2, 3
Suppose 789 = 3*r - 360. List the prime factors of r.
383
Let o(w) = -w**2 + 13*w - 5. Let x be o(12). Let p be x*5 - (-5 + 8). Suppose -2*k = -p - 80. List the prime factors of k.
2, 7
Let a(j) = -7*j**3 + 1. Let g be a(1). Let o be 1 + 2/g*-6. Suppose 5*k = -2 + 27, o*q = k + 190. What are the prime factors of q?
5, 13
Suppose 5*c - 11 = 4. Suppose -c*f + 352 = 4*r, 3*f + 2*f - 88 = -r. List the prime factors of r.
2, 11
Let s = 473 - 75. Suppose -s + 131 = -5*y + x, 5*x + 222 = 4*y. What are the prime factors of y?
53
Suppose 4*k + 88 = 28. Let c = 337 - 718. What are the prime factors of c/k + 2/(-5)?
5
Suppose 750 + 240 = 3*a. What are the prime factors of a?
2, 3, 5, 11
Let z = -35 - -49. Suppose 0*m - 6 = 3*m - 3*f, m + 5 = 2*f. List the prime factors of (5 - z)/(0 - m).
3
Let p = -60 - -60. Suppose 359 = 3*h - 3*w + 4*w, -3*h + w + 355 = p. List the prime factors of h.
7, 17
Suppose 209*o + 2118 = 212*o. List the prime factors of o.
2, 353
Let z be 6*3/(12/(-2)). Let h be 21 + (-3)/z - -3. Suppose -2*a + h = -5. What are the prime factors of a?
3, 5
Suppose 0 = 3*h + 3*f - 387, 3*h - 144 = 2*h - 4*f. Suppose 3*a - 3*x = 477, -20 = -a - 2*x + h. List the prime factors of a.
2, 7, 11
Suppose -2*y + 4 = -5*y - z, -4 = -2*y - 2*z. List the prime factors of 166 + 1 + (18/(-3) - y).
2, 41
Suppose 8*h - 4*h - 2028 = 2*x, -1521 = -3*h + x. What are the prime factors of h?
3, 13
Suppose -2*i - 3*g = -13 - 2, -5*i + 5*g = 0. Suppose 3 = n + i*r, n + 5*r + 2 = -3. Suppose -4*x + n = -s, -3 = x + 2*s - 0. What are the prime factors of x?
3
Let l be (-12)/(-114) + (-74)/(-19). Suppose -b = -5*a - 72, -3*b + 131 = l*a + 10. List the prime factors of b.
47
Let b(i) = -i**2 - 5*i - 1. Let n be b(-5). What are the prime factors of (-116)/(-14) - (-2)/7*n?
2
Let u(n) = -2*n**2 + 2*n + 1. Let m be u(-1). Let t be (1 + 0)*m*1. What are the prime factors of 5/((-30)/32)*t?
2
Suppose 0*y = 11*y - 22. Suppose y*w - x = -5*x + 50, -149 = -5*w - 2*x. List the prime factors of w.
31
Let o(l) = -23*l + 74. What are the prime factors of o(-17)?
3, 5, 31
Suppose -2*o + 17*a - 20*a = -3424, -1713 = -o - a. What are the prime factors of o?
5, 7
Let q = 107 - -108. Suppose 15 = 2*i - q. What are the prime factors of i?
5, 23
Let o(k) = 0*k + 4 + 0*k + 6*k + 0*k. List the prime factors of o(7).
2, 23
Let f(y) = y**2 + 9*y + 10. Let u be f(-5). Let l(b) be the third derivative of -b**4/24 + 7*b**3/3 - b**2. List the prime factors of l(u).
2, 3
Suppose -2*b - b = -15. List the prime factors of ((-12)/(-9))/(b/345).
2, 23
Let c be (-1)/(((-4)/(-221))/(-4)). Let h = -141 + c. List the prime factors of h.
2, 5
Suppose 0 = -28*w + 34*w - 2190. Let k = w - 205. List the prime factors of k.
2, 5
Suppose 0 = 8*h + 1255 - 27695. What are the prime factors of h?
5, 661
Let v = 420 + -124. What are the prime factors of v?
2, 37
Let g(t) = t**2 - 4*t + 3. Let s be g(-5). Suppose c + l - s = -0*l, -280 = -5*c + 5*l. List the prime factors of c.
2, 13
Let f(x) = -46*x - 6. Let u be f(-3). Suppose -2*v - 5*a + 66 = 0, -u = -4*v + 5*a - 0*a. List the prime factors of v.
3, 11
Suppose -5*t = -2*s + 106 + 257, -s - 5*t + 144 = 0. Suppose 0 = -14*h + 2059 - s. List the prime factors of h.
3, 5
Let a be (1 + 0)/(2/4). Suppose 7 = -f + a*f. Let w(d) = -d**3 + 7*d**2 + 2*d + 3. What are the prime factors of w(f)?
17
Let z be (-2)/(-7) - 4408/(-203). Suppose t + z + 44 = 3*m, -5*m + 2*t = -110. What are the prime factors of m?
2, 11
Let w = -13 + 10. Let y be 8 + 2/(-6)*w. Let m = y - -36. List the prime factors of m.
3, 5
Let b(f) = -7 + f + 2*f - 4*f - 3*f. Let k be (-108)/(-45)*20/(-6). What are the prime factors of b(k)?
5
Let k(m) = -m**3 + 23*m**2 - 13*m - 13. List the prime factors of k(9).
2, 251
Let p be 16/(-20) + (-28)/(-10). Suppose f + b = -67, 4*f - p*f = 3*b - 139. Let u = -17 - f. What are the prime factors of u?
3, 17
Let f = -63 - -73. What are the prime factors of (-12 + (-